t the prime factors of k.
107
Let h = 332 + 1818. List the prime factors of h.
2, 5, 43
Let i = 12 + -18. Let h(m) = 7*m**2 - 7*m - 23. Let f(l) = 20*l**2 - 21*l - 68. Let q(g) = i*f(g) + 17*h(g). List the prime factors of q(8).
3
Suppose -357 = -w - 5*c, -3*w + 26*c + 1151 = 25*c. List the prime factors of w.
2, 191
Let w = 20 - 32. Let h(i) be the second derivative of -i**5/20 - i**4 - i**3/2 + 5*i**2 - i. List the prime factors of h(w).
2, 23
Suppose -1425 = -9*m + 6*m. Suppose 8476 - m = 21*f. List the prime factors of f.
3, 127
Let o = 54 - 242. Let s = o + 753. List the prime factors of s.
5, 113
Let p(x) = x**2 + 10*x - 9. Let q be p(-11). Suppose 10 = -3*s - q*s. List the prime factors of 29*(0 + s + 3).
29
List the prime factors of (-170)/3*34155/(-90).
5, 11, 17, 23
Let x = -124 + 132. List the prime factors of 12616/x - (1 - -1).
3, 5, 7
What are the prime factors of (483/(-276))/(1/4) - -10723?
2, 3, 19, 47
Let p be (-344)/(-86) - (-1 + 0). Suppose -2*l - 2648 = -p*d, 4*d + 5*l + 94 - 2219 = 0. What are the prime factors of d?
2, 5, 53
Suppose 1865 = 418*n - 413*n. Let v = 982 - n. List the prime factors of v.
3, 7, 29
Let w(x) = 329*x + 22. Let j be w(-3). Let i = -382 - j. Suppose -2*n + o = -189, -5*o - 184 = 4*n - i. What are the prime factors of n?
2, 3
Let b(o) = o**3 + 11*o**2 + 19*o + 70. Let q be b(-10). What are the prime factors of q/(-6)*(-61533)/(-215)?
2, 3, 53
Suppose -2*y = 3*o + 9, -5*y - 5*o - 7 - 8 = 0. Suppose 0 = 3*q + 50 - 143. Suppose y = -6*b - q + 859. List the prime factors of b.
2, 3, 23
Suppose -23*t = -17*t - 810. Suppose -4*n + 2*q = -520, n + 6*q - t = 4*q. Let g = -7 + n. What are the prime factors of g?
2, 31
Let x be 1*4 + 4/((-16)/(-44)). Let h(p) = -p**3 + 13*p**2 + 14*p + 9. Let a be h(x). Let n = a + 437. What are the prime factors of n?
2, 103
Let j be 221/(-2)*(-1)/(1/2). Suppose -3*i + 2*i - j = -4*x, 0 = -2*i + 3*x - 467. What are the prime factors of (i + 5)*((-9)/4 + 2)?
59
Suppose 10*g - 52*g + 24*g + 408438 = 0. What are the prime factors of g?
22691
Suppose -76*f + 2872900 = -26*f. List the prime factors of f.
2, 28729
Let s = -165 + 168. Suppose 4*k + 165 + 834 = x, -x = -s*k - 998. What are the prime factors of x?
5, 199
Suppose -339*p + 370*p = 18569. List the prime factors of p.
599
Let s be (-8)/24 - (-20)/(-3) - 0. Let m(z) = z + 3. Let i be m(s). List the prime factors of (1*i/3)/((-11)/33).
2
Let g(b) = -21*b**3 - 5*b**2 + b - 1. Let p be g(2). Let s = 1530 + p. List the prime factors of s.
17, 79
List the prime factors of ((-1)/1 + 63)*(10 - -37).
2, 31, 47
Suppose -13*c + 64894 + 65418 = 0. What are the prime factors of c?
2, 7, 179
Suppose -3*x = -4*y - 16, 6*y - 13 = x + y. Let k(z) = 2*z - x + 23*z + 10*z. What are the prime factors of k(4)?
2
Suppose -15084 = -4*b - 4*y, 0 = -27*b + 29*b + 4*y - 7550. List the prime factors of b.
3767
Suppose -9950 = -517*p + 512*p. Suppose 3*d = -5*s + p, -4*s - 2216 = -4*d + 480. List the prime factors of d.
2, 5, 67
Let h = -15695 + 22933. List the prime factors of h.
2, 7, 11, 47
Let g(k) = -85*k + 14. Let i be g(9). Let w = 1265 + i. What are the prime factors of w?
2, 257
Suppose -9*n - 28 + 10 = 0. Let s be n/(-10) + -74*108/(-15). Suppose -x = 3*x - 5*y - s, 2*y = 3*x - 405. What are the prime factors of x?
137
Let p(g) = 670*g + 9104. What are the prime factors of p(17)?
2, 10247
Let n be ((-5)/((-30)/(-819)))/(9/(-12)). Suppose -2*b = -n - 300. What are the prime factors of b?
241
Let y(t) = -4*t**3 - 145*t**2 + 43*t + 4. List the prime factors of y(-37).
2, 3, 5, 7
Let o = -16077 + 28381. List the prime factors of o.
2, 769
Suppose 2*h + 3*s = 24458, -3*s = -5*s + 4. What are the prime factors of h?
2, 6113
Suppose 0 = -10*s - 52270 + 263780. What are the prime factors of s?
13, 1627
Suppose 3*h = 3*u - 7*u + 59657, -2*h - u = -39758. List the prime factors of h.
3, 5, 53
Let v(z) be the third derivative of -z**5/30 + 7*z**4/12 + z**3/3 + 9*z**2. Let r be v(8). Let n(k) = -4*k + 25. What are the prime factors of n(r)?
3
Suppose -129*f = -121*f + 496. Suppose -5*k - 199 = 26. Let w = k - f. What are the prime factors of w?
17
Suppose 2*x = 2*x + 5*x. Let n(p) = p**2 + 2*p - 224. Let d be n(x). Let v = d + 315. What are the prime factors of v?
7, 13
Let u(f) = 1 + 5 - 1 + 3*f. Let y be u(1). List the prime factors of 1544/32 - -2*(-1)/y.
2, 3
Let c(j) = -2*j**2 - 4*j + 14. Let y be c(2). Let n be (6/4)/((-6)/56). List the prime factors of (23/y)/(7/n) + 0.
23
Let t be 33703/(-7) - (27/21 + -1). Let n = t + 2485. What are the prime factors of n/(-40) + 2/(-8)?
2, 29
Suppose 0*y - a - 339 = -y, -4*a - 348 = -y. List the prime factors of 0 - -2*(y + 10/5).
2, 13
Suppose 5*l + 20 = 5*o, -l - 2*o = -0*l - 5. Let i be (-21160)/(-60) + l/(-3). Suppose 4*p + 64 - i = -3*b, 0 = -5*p - 10. What are the prime factors of b?
3, 11
Let w = 16868 - 11803. What are the prime factors of w?
5, 1013
Let u = -3275 - -3989. What are the prime factors of u?
2, 3, 7, 17
Suppose 0 = 6*j - 6 - 0. Let x(v) be the first derivative of 8*v**3 - v**2 + v - 14. What are the prime factors of x(j)?
23
Let c(l) = 155*l - 2129. List the prime factors of c(30).
2521
Suppose 0 = q, 28*d + 29248 = 32*d - q. What are the prime factors of d?
2, 457
Suppose 1008 = -14*s - 0*s. Let g be (s/3)/(3/(-156)). Suppose 0 = -0*h - 6*h + g. List the prime factors of h.
2, 13
Let j(z) = -17*z - 52*z**2 + 65*z**2 + 3*z - 2*z + 12. What are the prime factors of j(-8)?
2, 3
Let x(q) = 2*q + q**2 - 3*q + 7 + 6 + 4. Let a be x(-7). Suppose -2*l - 8 - 12 = -z, 4*z = l + a. What are the prime factors of z?
2, 3
Let i(p) = 1344*p**2 - 340*p - 10. What are the prime factors of i(5)?
2, 3, 5, 1063
Let v(t) = 3*t**2 + 2 + 0 + 2*t + t**3 + 3 - 2. Suppose g + 2 = -0*g. What are the prime factors of v(g)?
3
Let l = -1030 + 12713. What are the prime factors of l?
7, 1669
Let b(p) = p + 8. Let u be b(7). List the prime factors of (-2028)/u*(-4)/(48/90).
2, 3, 13
Let r be (-2 - -1)*((-10)/5 + -5). Suppose 0 = r*q - 6846 + 1547. Suppose -4*h = 4*t - t - q, -3*h = -12. What are the prime factors of t?
13, 19
Suppose 0 = -5*y + 10827 - 987. What are the prime factors of y?
2, 3, 41
Suppose 89*d = 97*d - 165456. List the prime factors of d.
2, 3, 383
Let h(q) = -q**2 - 12*q + 29. Let t be h(-13). Suppose -t*y = -12*y + 32. Let i = 19 + y. What are the prime factors of i?
11
Suppose -4*i - 5*p = -7*p - 153134, 0 = -6*i + 4*p + 229704. List the prime factors of i.
2, 19141
Let z(i) = i**2 - 8*i + 10. Let v be z(6). Let q be (-4 - v - 6) + -1. Let k = 113 + q. What are the prime factors of k?
2, 13
Let b = 57 - 45. Let y(i) = -8*i - 11*i + 7 - b*i + 2*i**2 + 24*i. What are the prime factors of y(8)?
79
Suppose -8*z + 1606 = c - 11*z, -3223 = -2*c - 5*z. List the prime factors of c.
1609
Let x(l) = -602*l + 402. List the prime factors of x(-19).
2, 5, 37
Suppose 2 = 5*v - 4*u, -4*v + 2*u = u - 6. Suppose -4*t - 3*c = -16, 0 = v*t + c - 4 - 4. Suppose t*d = -5*d + 1665. List the prime factors of d.
5, 37
Let d = -607 + 914. Let w = d - 244. What are the prime factors of w?
3, 7
Let c(b) = 50*b - 156. Let g be c(3). Let r(m) = m**2 - 20*m - 53. List the prime factors of r(g).
103
Let q = -788 - -2793. List the prime factors of q.
5, 401
Let o = 368 + -367. What are the prime factors of (4*(-354)/(-24))/o?
59
Suppose -16240 = 116*r - 126*r. What are the prime factors of r?
2, 7, 29
Let m(i) = 4 - 10 - 3*i**2 - 2*i + 0*i - i**3. Let b be ((-5)/(-30)*15)/((-2)/4). What are the prime factors of m(b)?
2, 3
List the prime factors of -1 + -1 + (-41 - -36) + 12486.
12479
Suppose -r = -3*y + 53928, 4*y + 4*r - 89897 = -y. What are the prime factors of y?
17977
Let i = 87 + -65. Suppose 6*o = i*o - 2864. What are the prime factors of o?
179
List the prime factors of ((-7)/21)/((-8)/(-6))*1*-156344.
2, 19543
Suppose -36 = -7*o + 3*o. What are the prime factors of o/(9/14)*49/2?
7
Let x(y) = -y**3 + 12*y**2 - 13*y + 30. Let g be x(11). Suppose -276 = -g*i + 1620. What are the prime factors of i?
3, 79
Suppose 296 = y + 2*f, 0 = -2*y + 2*f + f + 585. Suppose n - 2*c = y, -4*c = -3*n - 8*c + 842. What are the prime factors of n?
2, 11, 13
List the prime factors of ((-932)/14)/((-18)/(-12)*(-16)/168).
2, 233
Suppose 